ons digit of 970610032?
9
What is the tens digit of 188961895?
9
What is the hundreds digit of 1446765232?
2
What is the thousands digit of 6058757246?
7
What is the tens digit of 29560009?
0
What is the units digit of 27018613?
3
What is the tens digit of 439565?
6
What is the ten millions digit of 101831010?
0
What is the tens digit of 61268711?
1
What is the units digit of 13916019?
9
What is the ten thousands digit of 13151580?
5
What is the tens digit of 178475026?
2
What is the hundred thousands digit of 1801556?
8
What is the units digit of 2419421022?
2
What is the tens digit of 3629540931?
3
What is the units digit of 71249719?
9
What is the units digit of 907865316?
6
What is the hundred millions digit of 560072865?
5
What is the billions digit of 4586022369?
4
What is the ten millions digit of 330533896?
3
What is the hundreds digit of 11118639?
6
What is the hundred thousands digit of 17688932?
6
What is the thousands digit of 38884256?
4
What is the units digit of 236818661?
1
What is the hundred thousands digit of 52582943?
5
What is the hundred thousands digit of 52833453?
8
What is the thousands digit of 64044339?
4
What is the thousands digit of 1613954346?
4
What is the units digit of 586476804?
4
What is the millions digit of 31674780?
1
What is the billions digit of 3865136048?
3
What is the tens digit of 3375185532?
3
What is the billions digit of 1110469963?
1
What is the millions digit of 749930964?
9
What is the hundreds digit of 386009517?
5
What is the hundred thousands digit of 560535644?
5
What is the thousands digit of 173861042?
1
What is the tens digit of 74146543?
4
What is the hundred thousands digit of 1003590146?
5
What is the tens digit of 21688877?
7
What is the units digit of 75271024?
4
What is the ten thousands digit of 17343514?
4
What is the millions digit of 192521298?
2
What is the hundred thousands digit of 7005681263?
6
What is the ten thousands digit of 88796537?
9
What is the hundred millions digit of 842792582?
8
What is the thousands digit of 146163391?
3
What is the ten thousands digit of 1674028354?
2
What is the thousands digit of 72486735?
6
What is the hundred thousands digit of 60536375?
5
What is the units digit of 7078155?
5
What is the thousands digit of 839510214?
0
What is the tens digit of 2985842?
4
What is the hundreds digit of 721452334?
3
What is the ten millions digit of 58433393?
5
What is the tens digit of 333221004?
0
What is the hundred millions digit of 1224157741?
2
What is the billions digit of 4802612579?
4
What is the hundred thousands digit of 4785539?
7
What is the thousands digit of 176474462?
4
What is the hundreds digit of 8024708?
7
What is the hundred thousands digit of 1356698225?
6
What is the hundreds digit of 31738528?
5
What is the ten thousands digit of 146876769?
7
What is the hundreds digit of 300068209?
2
What is the hundreds digit of 532558989?
9
What is the tens digit of 4466782624?
2
What is the hundred millions digit of 990536395?
9
What is the hundred thousands digit of 6201890047?
8
What is the units digit of 2097612?
2
What is the ten millions digit of 2153929244?
5
What is the millions digit of 352293810?
2
What is the millions digit of 229578779?
9
What is the units digit of 293109270?
0
What is the tens digit of 259953505?
0
What is the thousands digit of 94578736?
8
What is the hundreds digit of 635941889?
8
What is the ten millions digit of 2852643509?
5
What is the hundred thousands digit of 1004510975?
5
What is the units digit of 88853408?
8
What is the hundred thousands digit of 532707384?
7
What is the hundreds digit of 31122387?
3
What is the hundred millions digit of 511202072?
5
What is the units digit of 272838281?
1
What is the hundreds digit of 35783178?
1
What is the ten millions digit of 31123022?
3
What is the hundred millions digit of 630847212?
6
What is the hundred thousands digit of 643102068?
1
What is the ten thousands digit of 4892575078?
7
What is the hundred millions digit of 779361840?
7
What is the hundreds digit of 141224481?
4
What is the ten millions digit of 1257254912?
5
What is the units digit of 25650305?
5
What is the millions digit of 797706639?
7
What is the hundred millions digit of 857218824?
8
What is the ten millions digit of 1995050535?
9
What is the ten millions digit of 5315646408?
1
What is the ten thousands digit of 159958946?
5
What is the hundred thousands digit of 56281900?
2
What is the millions digit of 119661802?
9
What is the hundreds digit of 3297375663?
6
What is the ten millions digit of 23001425?
2
What is the hundreds digit of 2148581663?
6
What is the hundred thousands digit of 988929611?
9
What is the thousands digit of 149149896?
9
What is the hundreds digit of 893660086?
0
What is the thousands digit of 1765188072?
8
What is the hundred millions digit of 180168036?
1
What is the ten thousands digit of 23756455?
5
What is the ten millions digit of 17858760?
1
What is the thousands digit of 143108794?
8
What is the units digit of 101418239?
9
What is the hundred thousands digit of 27022221?
0
What is the hundreds digit of 60381330?
3
What is the tens digit of 214622438?
3
What is the ten millions digit of 46596626?
4
What is the hundreds digit of 2760304022?
0
What is the hundreds digit of 2165796474?
4
What is the millions digit of 4815168317?
5
What is the hundred thousands digit of 48353995?
3
What is the millions digit of 218541179?
8
What is the thousands digit of 3500686556?
6
What is the ten thousands digit of 588408965?
0
What is the tens digit of 4425488397?
9
What is the thousands digit of 1345915220?
5
What is the tens digit of 569067292?
9
What is the hundred thousands digit of 4451663433?
6
What is the hundred thousands digit of 3261168204?
1
What is the billions digit of 1627849813?
1
What is the hundred thousands digit of 1469551321?
5
What is the millions digit of 541473491?
1
What is the thousands digit of 1642800453?
0
What is the tens digit of 1230058629?
2
What is the hundreds digit of 3329895860?
8
What is the ten thousands digit of 584737709?
3
What is the hundreds digit of 13213785?
7
What is the hundred millions digit of 163232951?
1
What is the ten millions digit of 1698290447?
9
What is the units digit of 129386080?
0
What is the ten millions digit of 186626616?
8
What is the ten millions digit of 14420225?
1
What is the millions digit of 218088734?
8
What is the ten millions digit of 350789561?
5
What is the ten thousands digit of 242873674?
7
What is the ten millions digit of 10440982?
1
What is the units digit of 132300533?
3
What is the ten thousands digit of 4484357?
8
What is the ten millions digit of 76654889?
7
What is the hundreds digit of 70708493?
4
What is the thousands digit of 41600458?
0
What is the ten millions digit of 722426428?
2
What is the millions digit of 4029129355?
9
What is the hundred millions digit of 1304577474?
3
What is the tens digit of 86006097?
9
What is the millions digit of 4914289?
4
What is the ten millions digit of 48155907?
4
What is the units digit of 356106075?
5
What is the hundred thousands digit of 203043021?
0
What is the millions digit of 318683639?
8
What is the ten thousands digit of 110762570?
6
What is the hundred thousands digit of 1913134918?
1
What is the ten millions digit of 249517326?
4
What is the thousands digit of 9749347?
9
What is the hundred thousands digit of 360308098?
3
What is the hundreds digit of 2195273112?
1
What is the tens digit of 6319184858?
5
What is the hundred thousands digit of 220812615?
8
What is the thousands digit of 234611908?
1
What is the ten thousands digit of 2615829048?
2
What is the millions digit of 343158614?
3
What is the millions digit of 6850002?
6
What is the units digit of 76160007?
7
What is the ten millions digit of 8107973316?
0
What is the millions digit of 1593322041?
3
What is the hundred thousands digit of 634816101?
8
What is the millions digit of 1418939368?
8
What is the millions digit of 38434347?
8
What is the units digit of 2757857427?
7
What is the hundred millions digit of 119913174?
1
What is the hundred thousands digit of 281105159?
1
What is the millions digit of 48550330?
8
What is the hundred thousands digit of 16633007?
6
What is the unit